tors of 282143930.
2, 5, 397, 71069
What are the prime factors of 3281998518?
2, 3, 2251, 81001
List the prime factors of 8029336370.
2, 5, 11, 5651, 12917
List the prime factors of 1821488167.
751, 2425417
What are the prime factors of 386720785?
5, 11, 61, 73, 1579
List the prime factors of 2013414121.
263, 809, 9463
List the prime factors of 974129483.
974129483
List the prime factors of 515581972.
2, 101, 1276193
List the prime factors of 223967931.
3, 11, 457, 14851
What are the prime factors of 57733726?
2, 23, 1255081
What are the prime factors of 42171187?
103, 409429
List the prime factors of 30984596.
2, 43, 151, 1193
List the prime factors of 907173541.
431, 2104811
What are the prime factors of 106329492?
2, 3, 17, 173741
What are the prime factors of 656817736?
2, 59, 1391563
What are the prime factors of 1985034654?
2, 3, 1481, 24821
List the prime factors of 21585751.
11, 587, 3343
List the prime factors of 584563600.
2, 5, 1461409
List the prime factors of 396521013.
3, 7, 19, 71, 13997
List the prime factors of 111067115.
5, 23, 965801
What are the prime factors of 3633186?
2, 3, 605531
List the prime factors of 789080086.
2, 47, 8394469
List the prime factors of 8822003.
29, 61, 4987
List the prime factors of 85084285.
5, 11, 13, 127, 937
List the prime factors of 5800355269.
43, 97, 1390639
What are the prime factors of 393782895?
3, 5, 11, 379, 2099
List the prime factors of 3239740499.
3557, 910807
List the prime factors of 496727153.
13, 38209781
List the prime factors of 15077138.
2, 113, 66713
What are the prime factors of 358789450?
2, 5, 29, 349, 709
List the prime factors of 3060990202.
2, 18223, 83987
What are the prime factors of 42141920?
2, 5, 263387
List the prime factors of 4100038.
2, 131, 15649
What are the prime factors of 65948447?
1039, 63473
List the prime factors of 31007426.
2, 113, 137201
List the prime factors of 306266431.
83, 313, 11789
List the prime factors of 193724417.
43, 727, 6197
List the prime factors of 209612985.
3, 5, 13974199
List the prime factors of 13635123.
3, 47, 96703
List the prime factors of 966005983.
2857, 338119
List the prime factors of 2505248058.
2, 3, 157, 1399, 1901
What are the prime factors of 137784926?
2, 68892463
What are the prime factors of 24758850?
2, 3, 5, 165059
List the prime factors of 25738891.
331, 77761
What are the prime factors of 43858803?
3, 67, 113, 1931
List the prime factors of 293857013.
4519, 65027
List the prime factors of 696864970.
2, 5, 69686497
List the prime factors of 491054194.
2, 6911, 35527
List the prime factors of 290005513.
7, 41429359
List the prime factors of 1015609641.
3, 19, 101, 176413
What are the prime factors of 68662135?
5, 59, 232753
What are the prime factors of 1912064196?
2, 3, 7, 443, 51383
What are the prime factors of 2343146390?
2, 5, 13, 23, 783661
What are the prime factors of 1190593079?
13, 17, 239, 22541
List the prime factors of 109674218.
2, 31, 47, 61, 617
List the prime factors of 28006129.
28006129
What are the prime factors of 4239314041?
1237, 3427093
List the prime factors of 442353688.
2, 7, 53, 103, 1447
List the prime factors of 1509577421.
11, 3253, 42187
What are the prime factors of 162147113?
4903, 33071
List the prime factors of 61919106.
2, 3, 10319851
List the prime factors of 1638376178.
2, 7351, 111439
What are the prime factors of 880700986?
2, 11, 40031863
List the prime factors of 914467010.
2, 5, 1063, 86027
What are the prime factors of 1843305976?
2, 19, 71, 109, 1567
What are the prime factors of 3716425023?
3, 19, 29, 2248291
List the prime factors of 69107576.
2, 8638447
What are the prime factors of 4784066420?
2, 5, 7, 34171903
List the prime factors of 1791521083.
11, 23, 43, 164677
List the prime factors of 741902438.
2, 370951219
List the prime factors of 4217627017.
34687, 121591
What are the prime factors of 395410972?
2, 11, 43, 208991
List the prime factors of 618999423.
3, 7, 19, 113, 13729
List the prime factors of 42217582.
2, 11, 19, 100999
List the prime factors of 228814070.
2, 5, 22881407
List the prime factors of 331084477.
43, 7699639
What are the prime factors of 181921021?
353, 515357
What are the prime factors of 422637786?
2, 3, 19, 769, 1607
What are the prime factors of 2056637920?
2, 5, 23, 558869
What are the prime factors of 89948153?
89948153
List the prime factors of 466922195.
5, 23, 719, 5647
What are the prime factors of 171818650?
2, 5, 3436373
What are the prime factors of 92579254?
2, 37, 1251071
List the prime factors of 23394738.
2, 3, 19, 163, 1259
What are the prime factors of 1994754910?
2, 5, 199475491
List the prime factors of 88314488.
2, 1117, 9883
List the prime factors of 14610218.
2, 7, 1043587
List the prime factors of 5609316731.
31, 71, 2548531
What are the prime factors of 696790202?
2, 11149, 31249
What are the prime factors of 2324778278?
2, 227, 5120657
What are the prime factors of 3082395899?
11, 23, 359, 33937
What are the prime factors of 1854552?
2, 3, 7, 19, 83
What are the prime factors of 493417388?
2, 123354347
What are the prime factors of 141482398?
2, 17, 19, 11527
What are the prime factors of 318955871?
13, 24535067
What are the prime factors of 111851099?
103, 1085933
List the prime factors of 170135795.
5, 509, 66851
What are the prime factors of 306113393?
306113393
List the prime factors of 1475152699.
109, 13533511
List the prime factors of 393340914.
2, 3, 701, 10391
List the prime factors of 149331452.
2, 211, 176933
What are the prime factors of 30645954?
2, 3, 1702553
What are the prime factors of 1132482234?
2, 3, 13, 17, 23, 71, 523
What are the prime factors of 171165983?
171165983
What are the prime factors of 2580649322?
2, 1901, 678761
What are the prime factors of 530056588?
2, 89, 443, 3361
List the prime factors of 27869068.
2, 373, 18679
What are the prime factors of 174783960?
2, 3, 5, 13, 59, 211
What are the prime factors of 305046120?
2, 3, 5, 2542051
What are the prime factors of 448340756?
2, 337, 349, 953
List the prime factors of 34829130.
2, 3, 5, 7, 23, 7211
What are the prime factors of 2425038584?
2, 107, 127, 22307
List the prime factors of 4726411782.
2, 3, 787735297
What are the prime factors of 4896580309?
4896580309
List the prime factors of 8191352931.
3, 1423, 1918799
What are the prime factors of 733346601?
3, 13, 191, 7573
List the prime factors of 6275120981.
23, 272831347
What are the prime factors of 53909817?
3, 13, 106331
What are the prime factors of 48278855?
5, 2543, 3797
List the prime factors of 420194553.
3, 31, 4518221
List the prime factors of 387611639.
101, 3837739
List the prime factors of 33173639.
19, 431, 4051
List the prime factors of 5721547298.
2, 23, 124381463
What are the prime factors of 70094910?
2, 3, 5, 17, 167, 823
List the prime factors of 97679107.
97679107
What are the prime factors of 960466766?
2, 7, 167, 410807
What are the prime factors of 84911272?
2, 2179, 4871
List the prime factors of 26884270.
2, 5, 7, 384061
List the prime factors of 3536040460.
2, 5, 17, 139, 74821
What are the prime factors of 161746034?
2, 31, 257, 10151
List the prime factors of 779151404.
2, 23, 59, 79
List the prime factors of 339866376.
2, 3, 19, 167, 4463
What are the prime factors of 1186316234?
2, 241, 2461237
List the prime factors of 984644403.
3, 17, 19306753
What are the prime factors of 2309189754?
2, 3, 53, 103, 70501
What are the prime factors of 112212449?
41, 2736889
List the prime factors of 302563966.
2, 151281983
List the prime factors of 130750122.
2, 3, 21791687
List the prime factors of 37662460.
2, 5, 11, 79, 197
List the prime factors of 11681906.
2, 5840953
List the prime factors of 100802652.
2, 3, 23, 37, 9871
What are the prime factors of 70481590?
2, 5, 1033, 6823
List the prime factors of 980884700.
2, 5, 17, 277, 2083
List the prime factors of 128212584.
2, 3, 43, 283, 439
List the prime factors of 13307438.
2, 2161, 3079
What are the prime factors of 70911873?
3, 29, 271693
What are the prime factors of 1917875230?
2, 5, 17, 1063, 10613
List the prime factors of 17322150.
2, 3, 5, 17, 6793
What are the prime factors of 434640290?
2, 5, 7, 83, 10687
What are the prime factors of 118933563?
3, 7, 5663503
What are the prime factors o